 (base 11) in base 5?
433210
42512 (base 7) to base 13
4a51
-100000110100 (base 2) to base 5
-31400
What is 2600 (base 7) in base 4?
33110
Convert -2571 (base 8) to base 7.
-4041
Convert 3ea (base 15) to base 12.
627
What is -5842 (base 12) in base 14?
-3830
What is -11011000100101 (base 2) in base 4?
-3120211
Convert -607b (base 12) to base 15.
-3178
What is -1140 (base 8) in base 5?
-4413
Convert 454 (base 10) to base 11.
383
What is -2056 (base 12) in base 14?
-13d8
What is 453 (base 12) in base 6?
2543
4c (base 15) to base 4
1020
What is 10112030 (base 4) in base 5?
1032204
-e093 (base 15) to base 12
-23510
Convert -1111000101011101 (base 2) to base 13.
-22180
1102120 (base 3) to base 4
100101
Convert -14336 (base 12) to base 9.
-42516
Convert 906 (base 12) to base 15.
5bc
What is 23103 (base 7) in base 3?
22001220
What is -52a (base 13) in base 12?
-615
-31344 (base 5) to base 15
-94e
211112002 (base 3) to base 15
4ce8
What is 15541 (base 10) in base 8?
36265
What is -2611 (base 14) in base 2?
-1101000010111
What is 6f9 (base 16) in base 3?
2110010
What is -101000000 (base 2) in base 5?
-2240
Convert -16222 (base 12) to base 9.
-47078
Convert 1641 (base 11) to base 14.
aa2
Convert -2887 (base 10) to base 11.
-2195
Convert -7 (base 15) to base 6.
-11
Convert 122102 (base 3) to base 8.
726
What is -102010 (base 3) in base 9?
-363
227 (base 14) to base 12
2b7
-5300 (base 7) to base 8
-3506
311112 (base 5) to base 6
115005
-1001101100111 (base 2) to base 13
-2351
What is 2a4 (base 11) in base 3?
111012
What is -136a (base 12) in base 11?
-1759
What is -43131 (base 6) in base 4?
-1123333
What is -5977 (base 14) in base 11?
-10792
What is -4237 (base 8) in base 16?
-89f
101100121 (base 3) to base 6
54541
What is -44b9 (base 14) in base 9?
-17317
Convert -201011 (base 3) to base 2.
-1000000101
Convert -18682 (base 9) to base 14.
-4a13
12130 (base 6) to base 3
2110000
Convert 69a (base 11) to base 16.
343
Convert 7434 (base 8) to base 12.
22a4
236c (base 16) to base 4
2031230
What is 2352 (base 7) in base 12?
606
What is -359 (base 16) in base 6?
-3545
Convert 2ab1 (base 15) to base 9.
13514
Convert -222240 (base 6) to base 11.
-13035
Convert 70a5 (base 11) to base 12.
5560
-101210 (base 3) to base 11
-245
-1170 (base 8) to base 9
-772
What is -167 (base 13) in base 11?
-211
1123211 (base 4) to base 2
1011011100101
Convert 1210333 (base 4) to base 11.
4946
What is 20430 (base 6) in base 2?
101011000010
What is -142467 (base 8) in base 15?
-ee5c
Convert -22e8 (base 15) to base 8.
-16372
-1010010110011 (base 2) to base 3
-21021021
632b (base 12) to base 14
3d3d
What is 313 (base 10) in base 16?
139
Convert -6887 (base 13) to base 11.
-10004
Convert -3ab (base 12) to base 13.
-344
Convert -13245 (base 11) to base 10.
-18925
What is -1091 (base 15) in base 13?
-17a1
Convert 12366 (base 7) to base 5.
101112
What is 61a8 (base 13) in base 2?
11010010110001
What is -4462 (base 7) in base 12?
-b24
Convert -2213221 (base 4) to base 9.
-15641
Convert -13048 (base 10) to base 7.
-53020
-52098 (base 10) to base 14
-14db4
Convert -211 (base 12) to base 6.
-1221
29740 (base 10) to base 5
1422430
119e (base 15) to base 3
12010212
Convert -531 (base 6) to base 12.
-147
Convert 113542 (base 7) to base 14.
7692
43420 (base 5) to base 9
4076
Convert 270 (base 13) to base 15.
1d9
-13c (base 16) to base 9
-381
Convert -130 (base 10) to base 6.
-334
What is 4c8 (base 14) in base 7?
2541
-33300 (base 4) to base 3
-1101100
-ccc (base 14) to base 7
-10245
What is 122101212 (base 3) in base 4?
3012032
Convert -1001000100100 (base 2) to base 4.
-1020210
-12243 (base 5) to base 3
-1022010
Convert 7d25 (base 15) to base 11.
18a79
What is -19770 (base 12) in base 16?
-9204
100000101100 (base 2) to base 14
a96
What is -13032311 (base 4) in base 9?
-44562
What is 70462 (base 8) in base 9?
43667
Convert 1854 (base 14) to base 12.
2656
332 (base 4) to base 8
76
10000001001000 (base 2) to base 14
3024
-545 (base 10) to base 2
-1000100001
-25106 (base 7) to base 2
-1100110101100
-12001 (base 4) to base 5
-3020
Convert -37103 (base 10) to base 13.
-13b71
-103310 (base 4) to base 5
-20033
427 (base 15) to base 10
937
-47830 (base 9) to base 4
-13310112
Convert -21002 (base 3) to base 8.
-277
Convert -844a (base 13) to base 14.
-6962
Convert 13323 (base 8) to base 4.
1123103
-216 (base 16) to base 8
-1026
What is 762 (base 14) in base 7?
4152
Convert -14120 (base 6) to base 7.
-6303
What is 3101231 (base 4) in base 3?
200102002
What is -1260 (base 8) in base 2?
-1010110000
What is -1b34d (base 15) in base 7?
-516004
What is 17a2 (base 11) in base 16?
8f2
Convert 926 (base 16) to base 4.
210212
What is 703 (base 11) in base 2?
1101010010
Convert 275 (base 8) to base 4.
2331
Convert 2a3e (base 15) to base 9.
13375
What is -100000100101 (base 2) in base 5?
-31320
What is -4242420 (base 5) in base 16?
-117ba
100011100 (base 2) to base 12
1b8
-11645 (base 7) to base 13
-1523
What is -11228 (base 9) in base 15?
-2338
101022001 (base 3) to base 10
7507
What is -11202010 (base 4) in base 2?
-101100010000100
Convert -6064 (base 9) to base 11.
-336a
What is 220 (base 10) in base 15?
ea
232211 (base 6) to base 16
4def
What is 22333 (base 11) in base 2?
111111001010111
What is 71d (base 16) in base 11?
1406
-123102 (base 5) to base 11
-3653
-56641 (base 7) to base 14
-5358
-274 (base 15) to base 13
-340
What is 4511 (base 6) in base 2?
10000011011
-28055 (base 9) to base 11
-13307
What is 374d (base 15) in base 6?
130301
Convert 111001110010 (base 2) to base 9.
5058
What is -1667 (base 8) in base 13?
-582
204735 (base 8) to base 3
10110100210
Convert -18085 (base 9) to base 12.
-7272
What is -20bb (base 13) in base 5?
-121143
Convert 130414 (base 5) to base 13.
2430
-1121 (base 8) to base 7
-1505
112022111 (base 3) to base 15
315a
Convert -111101 (base 2) to base 8.
-75
Convert -16868 (base 9) to base 15.
-36b5
24 (base 16) to base 3
1100
What is -169 (base 13) in base 4?
-10000
What is 1322032 (base 4) in base 8?
17216
What is -49a (base 14) in base 5?
-12140
10526 (base 8) to base 12
269a
Convert 108c (base 15) to base 13.
179a
-1100010011011000 (base 2) to base 16
-c4d8
Convert -11001110 (base 2) to base 8.
-316
Convert -10421 (base 7) to base 6.
-20032
-2144 (base 7) to base 15
-362
What is -11011101100111 (base 2) in base 12?
-825b
-10462 (base 9) to base 13
-320c
What is 122 (base 14) in base 5?
1401
-47403 (base 9) to base 5
-2003144
22b6 (base 13) to base 5
124011
What is -2031301 (base 4) in base 14?
-3441
What is -a4 (base 11) in base 7?
-222
Convert 22df (base 16) to base 12.
51bb
4579 (base 12) to base 4
1320231
What is 211113 (base 4) in base 14?
c2b
What is 12102001 (base 3) in base 12?
2347
Convert -136484 (base 9) to base 14.
-2260a
Convert 122155 (base 6) to base 9.
15818
Convert -101202 (base 4) to base 11.
-930
What is 6509 (base 16) in base 7?
135260
Convert -377 (base 9) to base 3.
-102121
450 (base 7) to base 16
e7
What is 303233 (base 4) in base 13?
1679
Convert -2041 (base 8) to base 14.
-557
What is -1259 (base 10) in base 12?
-88b
Convert 8736 (base 9) to base 15.
1d8c
-1001233 (base 4) to base 13
-1bb8
-524 (base 15) to base 3
-1120221
Convert -10752 (base 8) to base 10.
-4586
Convert -3253 (base 6) to base 14.
-3bb
Convert 7076 (base 8) to base 7.
13426
What is 7b5 (base 13) in base 8?
2463
-116520 (base 7) to base 16
-5415
221 (base 11) to base 4
10021
Convert 11443 (base 5) to base 2.
1101101001
What is -11100101 (base 2) in base 8?
-345
Convert -132210 (base 4) to base 12.
-1170
-100011011 (base 2) to base 15
-13d
2575 (base 11) to base 10
3349
223 (base 4) to base 8
53
Convert -2a (base 16) to base 13.
-33
What is 407 (base 13) in base 12?
48b
Convert 2023000 (base 5) to base 14.
bda3
What is -1463 (base 7) in base 15?
-28e
5367 (base 13) to base 16
2d39
What is -2314 (base 11) in base 14?
-1172
What is 52512 (base 7) in base 14?
4a09
-3034332 (base 5) to base 7
-263566
Convert 3a8c (base 13) to base 6.
102513
Convert -4441 (base 6) to base 10.
-1033
-6660 (base 9) to base 16
-1332
Convert 3701 (base 16) to base 13.
6542
Convert bd15 (base 14) to base 12.
16b53
What is 1000001100 (base 2) in base 7?
1346
-2879 (base 15) to base 4
-2013120
What is 220121 (base 